{"id":181,"date":"2026-03-05T20:59:35","date_gmt":"2026-03-05T20:59:35","guid":{"rendered":"https:\/\/fcadvisory.cl\/?page_id=181"},"modified":"2026-04-05T15:55:45","modified_gmt":"2026-04-05T15:55:45","slug":"litigios-disputas-y-peritajes","status":"publish","type":"page","link":"https:\/\/fcadvisory.cl\/index.php\/litigios-disputas-y-peritajes\/","title":{"rendered":"Litigios, Disputas y Peritajes"},"content":{"rendered":"\t\t<div data-elementor-type=\"wp-page\" data-elementor-id=\"181\" class=\"elementor elementor-181\" data-elementor-post-type=\"page\">\n\t\t\t\t<div class=\"elementor-element elementor-element-1548f81 e-flex e-con-boxed e-con e-parent\" data-id=\"1548f81\" data-element_type=\"container\" data-e-type=\"container\">\n\t\t\t\t\t<div class=\"e-con-inner\">\n\t\t<div class=\"elementor-element elementor-element-8486475 e-con-full e-flex e-con e-child\" data-id=\"8486475\" data-element_type=\"container\" data-e-type=\"container\">\n\t\t<div class=\"elementor-element elementor-element-4f25cd7 e-con-full e-flex e-con e-child\" data-id=\"4f25cd7\" data-element_type=\"container\" data-e-type=\"container\">\n\t\t<div class=\"elementor-element elementor-element-9d4c49d e-con-full e-flex elementor-invisible e-con e-child\" data-id=\"9d4c49d\" data-element_type=\"container\" data-e-type=\"container\" data-settings=\"{&quot;animation&quot;:&quot;fadeInLeft&quot;}\">\n\t\t\t\t<div class=\"elementor-element elementor-element-cfb1b30 elementor-widget elementor-widget-elementskit-heading\" data-id=\"cfb1b30\" data-element_type=\"widget\" data-e-type=\"widget\" data-widget_type=\"elementskit-heading.default\">\n\t\t\t\t\t<div class=\"ekit-wid-con\" ><div class=\"ekit-heading elementskit-section-title-wraper text_left   ekit_heading_tablet-   ekit_heading_mobile-\"><h3 class=\"elementskit-section-subtitle  \">\n\t\t\t\t\t\tFORENSE\n\t\t\t\t\t<\/h3><h2 class=\"ekit-heading--title elementskit-section-title \">LITIGIOS, DISPUTAS Y PERITAJES<\/h2><div class=\"ekit_heading_separetor_wraper ekit_heading_elementskit-border-divider elementskit-style-long\"><div class=\"elementskit-border-divider elementskit-style-long\"><\/div><\/div>\t\t\t\t<div class='ekit-heading__description'>\n\t\t\t\t\t<p>Brindamos apoyo t\u00e9cnico independiente en controversias judiciales, arbitrales y societarias que requieren an\u00e1lisis financiero, contable o econ\u00f3mico especializado.<\/p>\n<p>Actuamos como expertos en procesos de alta complejidad, aportando informes t\u00e9cnicos estructurados bajo est\u00e1ndares probatorios y metodolog\u00edas rigurosas, orientados a respaldar posiciones legales y sustentar decisiones estrat\u00e9gicas.<\/p>\n\t\t\t\t<\/div>\n\t\t\t<\/div><\/div>\t\t\t\t<\/div>\n\t\t<div class=\"elementor-element elementor-element-2d04b5c e-con-full e-flex e-con e-child\" data-id=\"2d04b5c\" data-element_type=\"container\" data-e-type=\"container\" data-settings=\"{&quot;background_background&quot;:&quot;classic&quot;}\">\n\t\t\t\t<div class=\"elementor-element elementor-element-17cba17 elementor-widget elementor-widget-text-editor\" data-id=\"17cba17\" data-element_type=\"widget\" data-e-type=\"widget\" data-widget_type=\"text-editor.default\">\n\t\t\t\t\t\t\t\t\t<p>Nuestros servicios incluyen:<\/p>\n<ul>\n<li>Peritajes financieros y contables<\/li>\n<li>Cuantificaci\u00f3n de perjuicios econ\u00f3micos (da\u00f1o emergente y lucro cesante)<\/li>\n<li>Revisi\u00f3n de modelos de valoraci\u00f3n y an\u00e1lisis de supuestos financieros<\/li>\n<li>Evaluaci\u00f3n de cumplimiento contractual y disputas econ\u00f3micas<\/li>\n<li>An\u00e1lisis de estados financieros y registros contables en controversia<\/li>\n<\/ul>\t\t\t\t\t\t\t\t<\/div>\n\t\t\t\t<div class=\"elementor-element elementor-element-0eebf03 elementor-widget elementor-widget-text-editor\" data-id=\"0eebf03\" data-element_type=\"widget\" data-e-type=\"widget\" data-widget_type=\"text-editor.default\">\n\t\t\t\t\t\t\t\t\t<p>Contamos con profesionales acreditados ante el Poder Judicial y con experiencia en declaraciones en sedes judiciales y arbitrales, lo que garantiza solvencia t\u00e9cnica, claridad expositiva y defensa consistente de las conclusiones periciales.<\/p>\n<p><br \/>Participamos activamente en audiencias, absoluci\u00f3n de posiciones, interrogatorios y contrainterrogatorios, aportando independencia, objetividad y respaldo t\u00e9cnico a estudios jur\u00eddicos, empresas y tribunales.<\/p>\n<p><br \/>Nuestro enfoque combina an\u00e1lisis financiero forense, reconstrucci\u00f3n t\u00e9cnica de hechos econ\u00f3micos y capacidad de exposici\u00f3n experta, fortaleciendo la posici\u00f3n procesal de nuestros clientes en instancias judiciales y regulatorias.<\/p>\t\t\t\t\t\t\t\t<\/div>\n\t\t\t\t<div class=\"elementor-element elementor-element-e4ac11a elementor-widget elementor-widget-spacer\" data-id=\"e4ac11a\" data-element_type=\"widget\" data-e-type=\"widget\" data-widget_type=\"spacer.default\">\n\t\t\t\t\t\t\t<div class=\"elementor-spacer\">\n\t\t\t<div class=\"elementor-spacer-inner\"><\/div>\n\t\t<\/div>\n\t\t\t\t\t\t<\/div>\n\t\t\t\t<\/div>\n\t\t\t\t<div class=\"elementor-element elementor-element-8bda729 elementor-align-left elementor-widget__width-auto elementor-widget elementor-widget-elementskit-button\" data-id=\"8bda729\" data-element_type=\"widget\" data-e-type=\"widget\" data-widget_type=\"elementskit-button.default\">\n\t\t\t\t\t<div class=\"ekit-wid-con\" >\t\t<div class=\"ekit-btn-wraper\">\n\t\t\t\t\t\t\t<a href=\"#\" class=\"elementskit-btn  whitespace--normal\" id=\"\">\n\t\t\t\t\tsolicitar asesor\u00eda          <svg class=\"e-font-icon-svg e-fas-arrow-circle-right\" viewBox=\"0 0 512 512\" xmlns=\"http:\/\/www.w3.org\/2000\/svg\"><path d=\"M256 8c137 0 248 111 248 248S393 504 256 504 8 393 8 256 119 8 256 8zm-28.9 143.6l75.5 72.4H120c-13.3 0-24 10.7-24 24v16c0 13.3 10.7 24 24 24h182.6l-75.5 72.4c-9.7 9.3-9.9 24.8-.4 34.3l11 10.9c9.4 9.4 24.6 9.4 33.9 0L404.3 273c9.4-9.4 9.4-24.6 0-33.9L271.6 106.3c-9.4-9.4-24.6-9.4-33.9 0l-11 10.9c-9.5 9.6-9.3 25.1.4 34.4z\"><\/path><\/svg>\t\t\t\t<\/a>\n\t\t\t\t\t<\/div>\n        <\/div>\t\t\t\t<\/div>\n\t\t\t\t<\/div>\n\t\t\t\t<\/div>\n\t\t<div class=\"elementor-element elementor-element-ed09b98 e-con-full e-flex e-con e-child\" data-id=\"ed09b98\" data-element_type=\"container\" data-e-type=\"container\" data-settings=\"{&quot;background_background&quot;:&quot;classic&quot;}\">\n\t\t\t\t<\/div>\n\t\t\t\t<\/div>\n\t\t\t\t\t<\/div>\n\t\t\t\t<\/div>\n\t\t\t\t<\/div>\n\t\t","protected":false},"excerpt":{"rendered":"<p>FORENSE LITIGIOS, DISPUTAS Y PERITAJES Brindamos apoyo t\u00e9cnico independiente en controversias judiciales, arbitrales y societarias que requieren an\u00e1lisis financiero, contable o econ\u00f3mico especializado. Actuamos como expertos en procesos de alta complejidad, aportando informes t\u00e9cnicos estructurados bajo est\u00e1ndares probatorios y metodolog\u00edas rigurosas, orientados a respaldar posiciones legales y sustentar decisiones estrat\u00e9gicas. Nuestros servicios incluyen: Peritajes financieros [&hellip;]<\/p>\n","protected":false},"author":1,"featured_media":0,"parent":0,"menu_order":0,"comment_status":"closed","ping_status":"closed","template":"","meta":{"_joinchat":[],"footnotes":""},"class_list":["post-181","page","type-page","status-publish","hentry"],"_links":{"self":[{"href":"https:\/\/fcadvisory.cl\/index.php\/wp-json\/wp\/v2\/pages\/181","targetHints":{"allow":["GET"]}}],"collection":[{"href":"https:\/\/fcadvisory.cl\/index.php\/wp-json\/wp\/v2\/pages"}],"about":[{"href":"https:\/\/fcadvisory.cl\/index.php\/wp-json\/wp\/v2\/types\/page"}],"author":[{"embeddable":true,"href":"https:\/\/fcadvisory.cl\/index.php\/wp-json\/wp\/v2\/users\/1"}],"replies":[{"embeddable":true,"href":"https:\/\/fcadvisory.cl\/index.php\/wp-json\/wp\/v2\/comments?post=181"}],"version-history":[{"count":7,"href":"https:\/\/fcadvisory.cl\/index.php\/wp-json\/wp\/v2\/pages\/181\/revisions"}],"predecessor-version":[{"id":1213,"href":"https:\/\/fcadvisory.cl\/index.php\/wp-json\/wp\/v2\/pages\/181\/revisions\/1213"}],"wp:attachment":[{"href":"https:\/\/fcadvisory.cl\/index.php\/wp-json\/wp\/v2\/media?parent=181"}],"curies":[{"name":"wp","href":"https:\/\/api.w.org\/{rel}","templated":true}]}}